97644.
2, 3, 17, 347929
What are the prime factors of 111132412?
2, 23, 1207961
What are the prime factors of 486292065?
3, 5, 7, 4631353
What are the prime factors of 2743840844?
2, 19, 23, 1569703
List the prime factors of 208305097.
7, 11, 13, 17, 12241
List the prime factors of 83263445.
5, 16652689
List the prime factors of 1904107645.
5, 11, 2819, 12281
List the prime factors of 76369430.
2, 5, 23, 31, 10711
What are the prime factors of 113098891?
101, 227, 4933
List the prime factors of 469628219.
79, 5944661
List the prime factors of 1966781925.
3, 5, 2913751
List the prime factors of 1398761644.
2, 7, 7136539
What are the prime factors of 54067106?
2, 17, 61, 131, 199
List the prime factors of 154862900.
2, 5, 29, 53401
List the prime factors of 58158818.
2, 29079409
List the prime factors of 5006811.
3, 239, 6983
List the prime factors of 646879271.
263, 2459617
List the prime factors of 2479380.
2, 3, 5, 31, 43
List the prime factors of 1088772228.
2, 3, 4139, 7307
What are the prime factors of 59817832?
2, 17, 569, 773
What are the prime factors of 3069835476?
2, 3, 41, 152183
List the prime factors of 308058553.
11, 197, 142159
What are the prime factors of 491371307?
7, 70195901
List the prime factors of 53067050.
2, 5, 421, 2521
What are the prime factors of 18551370?
2, 3, 5, 47, 59, 223
What are the prime factors of 1476534462?
2, 3, 13, 1663, 11383
List the prime factors of 173522864.
2, 71, 103, 1483
What are the prime factors of 33738896?
2, 313, 6737
What are the prime factors of 3494870800?
2, 5, 8737177
What are the prime factors of 129771753?
3, 757, 57143
What are the prime factors of 1782530748?
2, 3, 49514743
List the prime factors of 6438519471.
3, 2146173157
List the prime factors of 63932879.
63932879
What are the prime factors of 26537662?
2, 227, 58453
List the prime factors of 416500620.
2, 3, 5, 229, 30313
What are the prime factors of 273727186?
2, 19, 23, 107, 2927
List the prime factors of 2281110323.
857, 2661739
What are the prime factors of 169161405?
3, 5, 7, 71, 22691
What are the prime factors of 163759880?
2, 5, 271, 15107
List the prime factors of 16365279.
3, 7, 599, 1301
List the prime factors of 2743444374.
2, 3, 11, 313, 12073
What are the prime factors of 505610877?
3, 67, 2515477
What are the prime factors of 1518245048?
2, 189780631
What are the prime factors of 70837168?
2, 19, 43, 5419
List the prime factors of 872455148.
2, 19, 191, 60103
What are the prime factors of 50181269?
50181269
What are the prime factors of 25805249?
19, 1358171
List the prime factors of 21967834.
2, 7, 1569131
List the prime factors of 233245898.
2, 23, 29, 53, 3299
What are the prime factors of 215194631?
215194631
What are the prime factors of 1647619937?
5639, 292183
List the prime factors of 1810288143.
3, 47, 1039, 1373
What are the prime factors of 453101403?
3, 23, 89, 73783
What are the prime factors of 8912457?
3, 41, 83, 97
What are the prime factors of 5049747694?
2, 17, 521, 285071
What are the prime factors of 53617493?
7229, 7417
What are the prime factors of 250866461?
250866461
List the prime factors of 472569418.
2, 236284709
List the prime factors of 1576634400.
2, 3, 5, 11, 17, 1171
List the prime factors of 952058468.
2, 8747, 27211
What are the prime factors of 533460262?
2, 266730131
What are the prime factors of 41060012?
2, 7, 43, 67, 509
List the prime factors of 282638720.
2, 5, 7, 13, 23, 211
List the prime factors of 450421936.
2, 17, 1655963
What are the prime factors of 268999675?
5, 7, 1537141
List the prime factors of 62970468.
2, 3, 11, 71, 6719
List the prime factors of 238790569.
6421, 37189
List the prime factors of 4289078441.
4289078441
List the prime factors of 294176743.
7, 6003607
What are the prime factors of 3856799370?
2, 3, 5, 211, 609289
What are the prime factors of 14145963?
3, 13, 362717
What are the prime factors of 1648195571?
11, 23, 592237
List the prime factors of 11900840.
2, 5, 7, 19, 2237
List the prime factors of 335004823.
335004823
List the prime factors of 902919304.
2, 7, 16123559
List the prime factors of 826280874.
2, 3, 45904493
List the prime factors of 2874461168.
2, 179653823
What are the prime factors of 58990543?
37, 1594339
What are the prime factors of 1769080789?
7, 2801, 90227
What are the prime factors of 51373164?
2, 3, 41, 104417
What are the prime factors of 43170554?
2, 7, 61, 50551
List the prime factors of 523063522.
2, 601, 435161
List the prime factors of 2067393601.
7, 13, 22718611
List the prime factors of 113632155.
3, 5, 7, 13, 27749
What are the prime factors of 87236600?
2, 5, 11, 19, 2087
List the prime factors of 281789053.
7, 13, 277, 1597
What are the prime factors of 564356236?
2, 599, 235541
What are the prime factors of 57301219?
1223, 46853
What are the prime factors of 108147080?
2, 5, 2703677
What are the prime factors of 236549813?
449, 526837
What are the prime factors of 35890794?
2, 3, 1993933
List the prime factors of 2349876489.
3, 23, 34056181
List the prime factors of 4257868383.
3, 31, 269, 18911
List the prime factors of 1223304493.
19, 79, 109, 7477
What are the prime factors of 42065386?
2, 11, 1912063
List the prime factors of 1012866425.
5, 40514657
What are the prime factors of 76197973?
89, 179, 4783
What are the prime factors of 1461615164?
2, 365403791
What are the prime factors of 48880497?
3, 23, 59, 12007
What are the prime factors of 46765454?
2, 1429, 16363
List the prime factors of 577935741.
3, 192645247
What are the prime factors of 1318762100?
2, 5, 59, 83, 2693
List the prime factors of 168605031.
3, 7, 17, 19, 53, 67
What are the prime factors of 43527098?
2, 53, 283, 1451
List the prime factors of 4050778845.
3, 5, 6653, 40591
List the prime factors of 8165542.
2, 7, 11, 17, 3119
List the prime factors of 46843594.
2, 7, 23, 145477
List the prime factors of 651694420.
2, 5, 13, 23, 83, 101
What are the prime factors of 176576461?
176576461
What are the prime factors of 2153538457?
7, 17483, 17597
List the prime factors of 699110976.
2, 3, 499, 7297
What are the prime factors of 510772433?
510772433
List the prime factors of 213958172.
2, 29, 41, 44987
What are the prime factors of 3193203778?
2, 1596601889
What are the prime factors of 4394738250?
2, 3, 5, 7, 31, 9001
List the prime factors of 10782758.
2, 7, 431, 1787
What are the prime factors of 30565511?
2137, 14303
What are the prime factors of 51742977?
3, 11, 13, 103, 1171
What are the prime factors of 403542260?
2, 5, 11, 17, 577
List the prime factors of 7624032594.
2, 3, 23, 787, 70199
What are the prime factors of 89673955?
5, 7, 739, 3467
What are the prime factors of 19015782?
2, 3, 3169297
What are the prime factors of 507738562?
2, 911, 278671
List the prime factors of 1693697402.
2, 3169, 267229
What are the prime factors of 279042926?
2, 389, 358667
List the prime factors of 6100686318.
2, 3, 37, 43, 639083
What are the prime factors of 144870864?
2, 3, 911, 3313
List the prime factors of 844616564.
2, 11, 41, 468191
List the prime factors of 80669671.
23, 227, 15451
What are the prime factors of 1062072576?
2, 3, 460969
What are the prime factors of 3333459164?
2, 7, 281, 431, 983
List the prime factors of 1334546964.
2, 3, 229, 161881
What are the prime factors of 1695645430?
2, 5, 53, 71, 45061
List the prime factors of 810202411.
521, 1555091
List the prime factors of 35225458.
2, 17612729
List the prime factors of 953305858.
2, 317, 1503637
List the prime factors of 362843983.
1103, 328961
List the prime factors of 450786151.
450786151
List the prime factors of 3422403366.
2, 3, 127, 1181, 3803
List the prime factors of 59521840.
2, 5, 7, 157, 677
What are the prime factors of 481660732?
2, 7, 167, 103007
List the prime factors of 1114519134.
2, 3, 353, 526213
What are the prime factors of 13542534?
2, 3, 331, 2273
List the prime factors of 1503988744.
2, 187998593
What are the prime factors of 1048944530?
2, 5, 673, 155861
List the prime factors of 589588445.
5, 47, 1571, 1597
List the prime factors of 870856588.
2, 7, 31, 1003291
What are the prime factors of 28157868?
2, 3, 59, 491
List the prime factors of 768824666.
2, 384412333
What are the prime factors of 127600069?
127600069
What are the prime factor